e
Let y(f) = 417*f - 63. Let g(b) = 2*b - 1. Let i(q) = 5*g(q) - y(q). Is i(-3) a composite number?
False
Suppose -9*x = 2*x - 110. Suppose 5222 = 3*o + 1187. Suppose 5*h = x*h - o. Is h composite?
False
Suppose 94*t - 351813 - 1078251 = 779782. Is t a prime number?
True
Is -1*(-9 + 1465946)/(-11) composite?
True
Let s = 32 + -32. Let d(k) = -k**2 + 2*k. Let x be d(s). Suppose x = 5*l + f - 9231, l - 1827 = -0*l - 5*f. Is l prime?
True
Let v = 80041 + -55040. Suppose 7283 - v = -2*h. Is h composite?
True
Suppose -38 = -9*c - 47. Let r(z) = -13190*z - 17. Is r(c) a prime number?
False
Suppose -2*y = 3*h - 79547 - 63350, -3*h = 4*y - 285791. Is y prime?
False
Suppose -4*m = -5*n - 812798, -4*n = -6*m + m + 1016011. Is m a prime number?
True
Suppose -18*l + 8 = -14*l. Suppose -b + 8112 = l*a + 3*a, b = 2*a - 3249. Is a a composite number?
True
Let j = -60608 - -91771. Is j a prime number?
False
Let m = 95 - 91. Suppose o + 4*k = 12, -m*o - k = 3*k. Is 566*(-2 + -4)/(o - 0) prime?
False
Let c(z) = 6*z - 2. Let i be c(1). Suppose i*u + 2*u = -6. Is (-9 - -9)*u/2 - -1537 composite?
True
Let t(l) = 60566*l**2 - 16*l + 39. Is t(4) prime?
False
Let h be (-36)/24*9832/(-6). Let o = h + -1539. Is o prime?
True
Let j(d) = -18513*d - 5524. Is j(-15) a prime number?
True
Let z be (1 + 7/21)/(2/6). Suppose -z*a = -17*a + 14027. Is a a prime number?
False
Is 2/(-16) - 4109231/(-56) a composite number?
False
Let t = 17803 - 1397. Suppose 0 = 4*h + n + 3, 5*n = -0*h + h + 6. Is (t/(-13))/(h*2) prime?
True
Let x(b) = -10*b + 54. Let a be x(6). Let m(n) = 7*n + 45. Let j be m(a). Is ((-1)/j)/((-2)/570) a prime number?
False
Let y(p) = 601*p**2 + 86*p - 17. Is y(-11) prime?
False
Suppose 110 = -2*i + 118. Suppose 4*p - t = -i*t + 2243, 2*p - 1104 = 2*t. Is p composite?
False
Suppose -110*f + 77*f + 147873 = 0. Is f a prime number?
True
Let k be -70 + (2/4)/(1/2). Let u = 104 + k. Suppose 34*m - u*m = -143. Is m a prime number?
False
Let w = 1557 - 579. Let h = w - 647. Is h a prime number?
True
Suppose 4*b + 2*k = 73624, -4*k + 73776 - 156 = 4*b. Is b a prime number?
False
Let s(u) = 2*u + 2. Let z(b) = -335*b - 264. Let h(p) = -3*s(p) + z(p). Is h(-35) a composite number?
True
Suppose 389 = 14*h - 15*h. Let d = 836 + h. Is d a prime number?
False
Suppose -22*x + 16*x + 30 = 0. Is -1 - x/((-35)/190176) a composite number?
True
Suppose 5*f + z = 1878368, -4*f + f + 4*z + 1127007 = 0. Is f a composite number?
False
Let d(u) = 60*u**2 - 8*u + 31. Suppose -5*k + 0*g + g + 18 = 0, 3*g = -3*k + 18. Is d(k) a prime number?
False
Let g = 234 + -229. Suppose 24*d - g*d = 69217. Is d composite?
False
Suppose 3*t - 184212 = -9*t. Suppose 5*y - t + 4456 = 0. Is y prime?
True
Suppose -32*i + 1454101 - 123637 = 0. Is i a composite number?
True
Let d = -56 - -27. Let g = d - -25. Is 33510/70 - g/14 prime?
True
Suppose 0 = -16019*d + 16012*d + 220717. Is d prime?
True
Let r be -1*(7 + (3 - 3)). Is (r - -6)/((-1)/743) a prime number?
True
Suppose -13*d - 4 = -15*d. Suppose -5*l = 31 - 36, -d*h - 5*l = -18559. Is h a prime number?
True
Let s(w) = -w**3 - 8*w**2 + 4*w - 20. Let k be s(-9). Suppose -20*p + 25*p = k. Suppose 2403 = p*m - 3*x + 511, 0 = -2*m - x + 759. Is m a prime number?
True
Let r(w) = 10*w**2 - 7*w - 4. Let z(k) = 29*k**2 - 21*k - 11. Let f(c) = -8*r(c) + 3*z(c). Let h be (-2)/8 + (-648)/96. Is f(h) composite?
True
Let n be 2/((-44)/(-20) - (-4)/(-20)). Suppose 0 = -j - n, -3*j = t - 972 - 235. Let i = t + -341. Is i prime?
False
Let r = 104 + -45. Suppose 0 = 2*h + 4, -n + r = -3*h - 812. Is n a composite number?
True
Suppose 0 = 3*i + 4*k - 9, 4*i = -0*k + 2*k + 12. Suppose 1237 = i*t + 160. Is t a prime number?
True
Let b(m) = 143*m - 54. Let w(k) = -2*k. Let d(f) = -b(f) - 5*w(f). Is d(-16) a composite number?
True
Let w(j) = 8*j**3 - 7*j**2 + 3*j + 15. Suppose 2*b = 4*f - 8, -f - 6*b = -5*b - 2. Let x be (2 + 16 - f - 2)/2. Is w(x) a prime number?
True
Suppose 0*l = -4*l - 4*l. Suppose -5*p + 2705 = 4*g - 3*g, -4*g = l. Is p prime?
True
Let x be ((-9)/10 + (-3)/(-6))*-5. Let g be (-9)/(-6)*2 + 9. Is -1774*-3*x/g a composite number?
False
Suppose -4*k - 25 + 85 = 0. Let c = k - 13. Suppose 3*w = 15, 2*x - 189 = -c*w + 119. Is x composite?
False
Let n = -8 + 8. Let k be (0/7)/(n - (0 - 2)). Suppose 2*z + 4*v - 8 = -k*v, 4*z - 2*v - 16 = 0. Is z a prime number?
False
Let y = -149355 - -410842. Is y a prime number?
False
Let r(c) = 37*c**3 - 2*c**2 + 32. Is r(15) a composite number?
True
Let f(z) = -6*z - 64. Let b be f(-11). Suppose -b*j + 10756 + 1586 = 0. Suppose -u - 1028 = -j. Is u a prime number?
False
Let v = 115 + -107. Let n(i) = 30*i**2 - 19*i + 79. Is n(v) a composite number?
False
Let w(q) = 49*q**2 - 2*q + 10. Let k be w(7). Suppose -3*o - 5*z = 13, -2*z - 15 = z. Suppose -o*f = -f - k. Is f a composite number?
True
Is -3 + (-16)/(-6) - 7653960/(-81) prime?
False
Let l = 47708 + -29175. Is l a composite number?
True
Let x be ((-2)/(-2))/(-1) - -7. Let d(o) = -o**3 - 2*o**2 + 9*o + 7. Let u be d(-4). Suppose -2*p + 4*m + 424 = x*m, -2*p - u*m = -425. Is p a prime number?
True
Let q be 1/((-2)/(-8)) - 19. Let x = -6 - q. Let a(d) = 69*d - 38. Is a(x) prime?
False
Suppose -309*z + 58950540 - 3990873 = 0. Is z a prime number?
False
Let m(j) = -6*j**3 - 64*j**2 + 121*j**2 - 64*j**2 - 18. Is m(-11) composite?
False
Let s = -1980 + 2331. Suppose 6*c = 2*c + 212. Suppose -l - c = -s. Is l composite?
True
Let l be ((-18)/4)/(-9) + (-21)/(-6). Suppose 1476 = l*b + 8*b. Suppose -3*g + 546 = -b. Is g composite?
False
Let i = -7012 - -14110. Suppose -3*n + i = -3477. Is (-2)/((-12)/n*(-20)/(-8)) a prime number?
False
Is ((-85)/(-170))/((-2)/3)*-2692 a prime number?
False
Let i be 17/(-119)*-29111 - (-4)/14. Suppose 5*x - 5*r = -3*r + 10403, 0 = 2*x - 3*r - i. Is x composite?
False
Let i = 1478597 + -558442. Is i a prime number?
False
Suppose 70 = 3*l - 32. Let q = -39 + l. Is ((-1525)/q + -2)*(-2)/(-3) a prime number?
False
Let d(w) = -w**3 - 12*w**2 - 21*w - 9. Let p be d(-10). Let j be ((-14)/4)/7*(-4)/p. Is 397*(3 + (-4)/j) composite?
False
Let f(z) be the third derivative of 19*z**7/840 - z**6/144 - z**5/10 - z**4/24 + 19*z**2. Let h(j) be the second derivative of f(j). Is h(-5) a prime number?
False
Let f be (135/(-9))/((-1)/2). Suppose 15*j - f*j = -267765. Is j prime?
True
Let r(s) = s**2 - 16*s - 19. Let k = 7 - -10. Let n be r(k). Is 6/(n + -1) - (-165 - -6) prime?
True
Suppose 96*d = -1127400 + 1260227 + 1946629. Is d prime?
True
Let l be (-26)/13*1*208/1. Let v = l - -621. Is v a prime number?
False
Let c be -4*(1 + -3 - (1 + -2)). Suppose 5*j = -c*w + 9235, j - 5*w - 1383 - 464 = 0. Is j a composite number?
False
Let i(j) = 25*j - 148. Let m be i(6). Suppose 0 = 3*g + 29*d - 34*d - 9128, -2*g = -m*d - 6084. Is g prime?
True
Suppose 9*h + 0 + 36 = 0. Let k(w) = -14*w**3 - 10*w**2 - 4*w - 1. Is k(h) prime?
True
Suppose 4*g - 280466 - 172660 = 5*c, 5*c + 113289 = g. Is g a prime number?
True
Let z = -60080 - -157791. Is z composite?
False
Let i(o) = -o**2 - 10*o - 4. Let z be i(-9). Let a(r) = 259*r - 177. Let v be a(21). Suppose v = z*m + m. Is m a composite number?
False
Let h(j) = -2*j + 18. Let o be ((-2)/(-4) - -2)*(-14)/(-5). Let r be h(o). Suppose 0 = 4*s - 5*w - 521, 3*w + 191 + 336 = r*s. Is s prime?
False
Let j(l) = -l**3 - 7*l**2 - l - 4. Let q be j(-7). Suppose -p = 2*b - 149, q*p + 278 = 3*b + 41. Let z = b + -43. Is z a prime number?
False
Let i be -669*(-18)/(-81)*-57. Let n = 14641 - i. Is n a composite number?
True
Let n be (0 - 200) + (0 - 1). Let m(q) = q**3 + 5*q**2 - 2*q - 2. Let c be m(-4). Let y = c - n. Is y a prime number?
True
Let w(s) = 15*s + 21. Let y be w(-2). Let p(t) = 305*t**2 - 4*t + 32. Is p(y) a composite number?
True
Let o = 43413 - 24640. Is o a prime number?
True
Suppose 1496 = -9*k + 13*k. Let s = -141 + k. Is s a prime number?
True
Suppose 1424 = -2*y + 3*t + 239, 2*y = -t - 1181. Let f = 1765 + y. Is f a composite number?
True
Let f be (-4 + (-506)/(-10))/(3/15). Let n = f - -23. Suppose 4*a + 4*r - n = 0, 4*a + r = a + 182. Is a a prime number?
True
Let z = -176 - -176. Suppose 11*v + 12464 - 94029 = z. Is v a composite number?
True
Suppose 812*a = 774*a + 2378762. Is a a composite number?
True
Suppose 0 = 3